{"id":13396,"date":"2014-03-24T10:54:51","date_gmt":"2014-03-24T10:54:51","guid":{"rendered":"http:\/\/demo.qodeinteractive.com\/bridge4\/?page_id=13396"},"modified":"2022-05-02T16:24:04","modified_gmt":"2022-05-02T14:24:04","slug":"about-us","status":"publish","type":"page","link":"https:\/\/preprod.buyby-market.com\/index.php\/about-us\/","title":{"rendered":"Qui sommes-nous ?"},"content":{"rendered":"<p>[vc_row css_animation=\u00a0\u00bb\u00a0\u00bb row_type=\u00a0\u00bbrow\u00a0\u00bb use_row_as_full_screen_section=\u00a0\u00bbno\u00a0\u00bb type=\u00a0\u00bbgrid\u00a0\u00bb angled_section=\u00a0\u00bbno\u00a0\u00bb text_align=\u00a0\u00bbleft\u00a0\u00bb background_image_as_pattern=\u00a0\u00bbwithout_pattern\u00a0\u00bb border_color=\u00a0\u00bb#eeeeee\u00a0\u00bb z_index=\u00a0\u00bb\u00a0\u00bb padding_top=\u00a0\u00bb80&Prime;][vc_column][vc_column_text]<\/p>\n<h2 style=\"text-align: center;\">QUI SOMMES-NOUS ?<\/h2>\n<p>[\/vc_column_text][vc_separator type=\u00a0\u00bbsmall\u00a0\u00bb position=\u00a0\u00bbcenter\u00a0\u00bb down=\u00a0\u00bb44&Prime; up=\u00a0\u00bb20&Prime;][vc_row_inner row_type=\u00a0\u00bbrow\u00a0\u00bb type=\u00a0\u00bbfull_width\u00a0\u00bb text_align=\u00a0\u00bbleft\u00a0\u00bb css_animation=\u00a0\u00bb\u00a0\u00bb][vc_column_inner width=\u00a0\u00bb1\/3&Prime;][vc_column_text]Nos \u00e9quipes s&rsquo;occupent de vos projets de A \u00e0 Z en prenant en charge la conception visuelle et 3D, la fabrication et le d\u00e9veloppement du projet, l&rsquo;organisation et le suivi logistique jusqu&rsquo;aux lieux d&rsquo;installations et l&rsquo;installation sur place par nos \u00e9quipes.[\/vc_column_text][vc_separator type=\u00a0\u00bbtransparent\u00a0\u00bb up=\u00a0\u00bb93&Prime; down=\u00a0\u00bb0&Prime;][\/vc_column_inner][vc_column_inner width=\u00a0\u00bb2\/3&Prime;][vc_separator type=\u00a0\u00bbtransparent\u00a0\u00bb up=\u00a0\u00bb1&Prime; down=\u00a0\u00bb0&Prime;][progress_bar gradient=\u00a0\u00bbno\u00a0\u00bb title=\u00a0\u00bbConception Visuelle\u00a0\u00bb percent=\u00a0\u00bb100&Prime; percent_color=\u00a0\u00bb#088b8a\u00a0\u00bb active_background_color=\u00a0\u00bb#088b8a\u00a0\u00bb active_border_color=\u00a0\u00bb#088b8a\u00a0\u00bb][progress_bar gradient=\u00a0\u00bbno\u00a0\u00bb title=\u00a0\u00bbFabrication \/ D\u00e9veloppement\u00a0\u00bb percent=\u00a0\u00bb100&Prime; percent_color=\u00a0\u00bb#088b8a\u00a0\u00bb active_background_color=\u00a0\u00bb#088b8a\u00a0\u00bb active_border_color=\u00a0\u00bb#088b8a\u00a0\u00bb][progress_bar gradient=\u00a0\u00bbno\u00a0\u00bb title=\u00a0\u00bbLogistique\u00a0\u00bb percent=\u00a0\u00bb100&Prime; percent_color=\u00a0\u00bb#088b8a\u00a0\u00bb active_background_color=\u00a0\u00bb#088b8a\u00a0\u00bb active_border_color=\u00a0\u00bb#088b8a\u00a0\u00bb][progress_bar gradient=\u00a0\u00bbno\u00a0\u00bb title=\u00a0\u00bbInstallation\u00a0\u00bb percent=\u00a0\u00bb100&Prime; percent_color=\u00a0\u00bb#088b8a\u00a0\u00bb active_background_color=\u00a0\u00bb#088b8a\u00a0\u00bb active_border_color=\u00a0\u00bb#088b8a\u00a0\u00bb][vc_separator type=\u00a0\u00bbtransparent\u00a0\u00bb up=\u00a0\u00bb93&Prime; down=\u00a0\u00bb0&Prime;][\/vc_column_inner][\/vc_row_inner][\/vc_column][\/vc_row][vc_row css_animation=\u00a0\u00bb\u00a0\u00bb row_type=\u00a0\u00bbrow\u00a0\u00bb use_row_as_full_screen_section=\u00a0\u00bbno\u00a0\u00bb type=\u00a0\u00bbgrid\u00a0\u00bb angled_section=\u00a0\u00bbno\u00a0\u00bb text_align=\u00a0\u00bbleft\u00a0\u00bb background_image_as_pattern=\u00a0\u00bbwithout_pattern\u00a0\u00bb padding_top=\u00a0\u00bb80&Prime; padding_bottom=\u00a0\u00bb34&Prime; border_color=\u00a0\u00bb#eeeeee\u00a0\u00bb background_color=\u00a0\u00bb#f8f8f8&Prime;][vc_column][vc_column_text]<\/p>\n<h2 style=\"text-align: center;\">L&rsquo;\u00c9QUIPE<\/h2>\n<p>[\/vc_column_text][vc_separator type=\u00a0\u00bbsmall\u00a0\u00bb position=\u00a0\u00bbcenter\u00a0\u00bb down=\u00a0\u00bb44&Prime; up=\u00a0\u00bb20&Prime;][vc_separator type=\u00a0\u00bbtransparent\u00a0\u00bb up=\u00a0\u00bb35&Prime; down=\u00a0\u00bb17&Prime;][vc_row_inner row_type=\u00a0\u00bbrow\u00a0\u00bb type=\u00a0\u00bbfull_width\u00a0\u00bb text_align=\u00a0\u00bbleft\u00a0\u00bb css_animation=\u00a0\u00bb\u00a0\u00bb][vc_column_inner width=\u00a0\u00bb1\/2&Prime;][q_team show_separator=\u00a0\u00bbno\u00a0\u00bb team_social_icon_1=\u00a0\u00bbfa-envelope\u00a0\u00bb team_social_icon_1_target=\u00a0\u00bb_blank\u00a0\u00bb team_social_icon_2=\u00a0\u00bbfa-linkedin\u00a0\u00bb team_social_icon_2_target=\u00a0\u00bb_blank\u00a0\u00bb team_social_icon_3=\u00a0\u00bb\u00a0\u00bb team_social_icon_3_target=\u00a0\u00bb_blank\u00a0\u00bb team_social_icon_4=\u00a0\u00bb\u00a0\u00bb team_social_icon_4_target=\u00a0\u00bb_blank\u00a0\u00bb team_social_icon_5=\u00a0\u00bb\u00a0\u00bb team_social_icon_5_target=\u00a0\u00bb_blank\u00a0\u00bb team_image=\u00a0\u00bb13403&Prime; team_name=\u00a0\u00bbBrice MOREL\u00a0\u00bb team_social_icon_1_link=\u00a0\u00bbbrice@buyby-market.com\u00a0\u00bb team_social_icon_2_link=\u00a0\u00bbhttps:\/\/fr.linkedin.com\/in\/brice-morel-2303582a\u00a0\u00bb team_position=\u00a0\u00bb+33 6 86 18 54 45&Prime;][vc_separator type=\u00a0\u00bbtransparent\u00a0\u00bb up=\u00a0\u00bb60&Prime; down=\u00a0\u00bb0&Prime;][\/vc_column_inner][vc_column_inner width=\u00a0\u00bb1\/2&Prime;][q_team show_separator=\u00a0\u00bbno\u00a0\u00bb team_social_icon_1=\u00a0\u00bbfa-envelope\u00a0\u00bb team_social_icon_1_target=\u00a0\u00bb_blank\u00a0\u00bb team_social_icon_2=\u00a0\u00bbfa-linkedin\u00a0\u00bb team_social_icon_2_target=\u00a0\u00bb_blank\u00a0\u00bb team_social_icon_3=\u00a0\u00bb\u00a0\u00bb team_social_icon_3_target=\u00a0\u00bb_blank\u00a0\u00bb team_social_icon_4=\u00a0\u00bb\u00a0\u00bb team_social_icon_4_target=\u00a0\u00bb_blank\u00a0\u00bb team_social_icon_5=\u00a0\u00bb\u00a0\u00bb team_social_icon_5_target=\u00a0\u00bb_blank\u00a0\u00bb team_image=\u00a0\u00bb13404&Prime; team_name=\u00a0\u00bbCharles-\u00c9douard LABORDE\u00a0\u00bb team_social_icon_1_link=\u00a0\u00bbcharles@buyby-market.com\u00a0\u00bb team_social_icon_2_link=\u00a0\u00bbhttps:\/\/fr.linkedin.com\/in\/charles-edouard-laborde-39869960&Prime; team_position=\u00a0\u00bb+33 6 32 21 01 41&Prime;][vc_separator type=\u00a0\u00bbtransparent\u00a0\u00bb up=\u00a0\u00bb60&Prime; down=\u00a0\u00bb0&Prime;][\/vc_column_inner][\/vc_row_inner][\/vc_column][\/vc_row][vc_row css_animation=\u00a0\u00bb\u00a0\u00bb row_type=\u00a0\u00bbrow\u00a0\u00bb use_row_as_full_screen_section=\u00a0\u00bbno\u00a0\u00bb type=\u00a0\u00bbgrid\u00a0\u00bb angled_section=\u00a0\u00bbno\u00a0\u00bb text_align=\u00a0\u00bbleft\u00a0\u00bb background_image_as_pattern=\u00a0\u00bbwithout_pattern\u00a0\u00bb padding_top=\u00a0\u00bb80&Prime; padding_bottom=\u00a0\u00bb0&Prime; background_color=\u00a0\u00bb#ffffff\u00a0\u00bb][vc_column][vc_column_text]<\/p>\n<h2 style=\"text-align: center;\">NOS CHAMPS D&rsquo;EXPERTISES<\/h2>\n<p>[\/vc_column_text][vc_separator type=\u00a0\u00bbsmall\u00a0\u00bb position=\u00a0\u00bbcenter\u00a0\u00bb down=\u00a0\u00bb44&Prime; up=\u00a0\u00bb20&Prime;][vc_separator type=\u00a0\u00bbtransparent\u00a0\u00bb up=\u00a0\u00bb35&Prime; down=\u00a0\u00bb17&Prime;][\/vc_column][\/vc_row][vc_row css_animation=\u00a0\u00bb\u00a0\u00bb row_type=\u00a0\u00bbrow\u00a0\u00bb use_row_as_full_screen_section=\u00a0\u00bbno\u00a0\u00bb type=\u00a0\u00bbgrid\u00a0\u00bb angled_section=\u00a0\u00bbno\u00a0\u00bb text_align=\u00a0\u00bbleft\u00a0\u00bb background_image_as_pattern=\u00a0\u00bbwithout_pattern\u00a0\u00bb background_color=\u00a0\u00bb#ffffff\u00a0\u00bb][vc_column width=\u00a0\u00bb1\/4&Prime;][vc_row_inner row_type=\u00a0\u00bbrow\u00a0\u00bb use_as_box=\u00a0\u00bbuse_row_as_box\u00a0\u00bb type=\u00a0\u00bbfull_width\u00a0\u00bb text_align=\u00a0\u00bbleft\u00a0\u00bb css_animation=\u00a0\u00bb\u00a0\u00bb padding=\u00a0\u00bb10&Prime;][vc_column_inner][vc_column_text]<\/p>\n<h5>Design Cr\u00e9ation 3D<\/h5>\n<p>[\/vc_column_text][vc_separator type=\u00a0\u00bbtransparent\u00a0\u00bb up=\u00a0\u00bb6&Prime; down=\u00a0\u00bb0&Prime;][vc_column_text]<\/p>\n<ul>\n<li class=\"p1\">Design PLV multimat\u00e9riaux<\/li>\n<li class=\"p1\">R\u00e9alisation de vid\u00e9o 3D<\/li>\n<li class=\"p1\">Int\u00e9gration produits \u00e9chelle 1<\/li>\n<\/ul>\n<p>[\/vc_column_text][\/vc_column_inner][\/vc_row_inner][vc_separator type=\u00a0\u00bbtransparent\u00a0\u00bb up=\u00a0\u00bb39&Prime; down=\u00a0\u00bb0&Prime;][\/vc_column][vc_column width=\u00a0\u00bb1\/4&Prime;][vc_row_inner row_type=\u00a0\u00bbrow\u00a0\u00bb use_as_box=\u00a0\u00bbuse_row_as_box\u00a0\u00bb type=\u00a0\u00bbfull_width\u00a0\u00bb text_align=\u00a0\u00bbleft\u00a0\u00bb css_animation=\u00a0\u00bb\u00a0\u00bb padding=\u00a0\u00bb10&Prime;][vc_column_inner][vc_column_text]<\/p>\n<h5>D\u00e9veloppement<\/h5>\n<p>[\/vc_column_text][vc_separator type=\u00a0\u00bbtransparent\u00a0\u00bb up=\u00a0\u00bb6&Prime; down=\u00a0\u00bb0&Prime;][vc_column_text]<\/p>\n<ul>\n<li class=\"p1\">R\u00e9alisation cahier des charges<\/li>\n<li class=\"p1\">Conseil et suivi technique<\/li>\n<li class=\"p1\">Orientation strat\u00e9gique<\/li>\n<\/ul>\n<p>[\/vc_column_text][\/vc_column_inner][\/vc_row_inner][vc_separator type=\u00a0\u00bbtransparent\u00a0\u00bb up=\u00a0\u00bb39&Prime; down=\u00a0\u00bb0&Prime;][\/vc_column][vc_column width=\u00a0\u00bb1\/4&Prime;][vc_row_inner row_type=\u00a0\u00bbrow\u00a0\u00bb use_as_box=\u00a0\u00bbuse_row_as_box\u00a0\u00bb type=\u00a0\u00bbfull_width\u00a0\u00bb text_align=\u00a0\u00bbleft\u00a0\u00bb css_animation=\u00a0\u00bb\u00a0\u00bb padding=\u00a0\u00bb10&Prime;][vc_column_inner][vc_column_text]<\/p>\n<h5>Fabrication<\/h5>\n<p>[\/vc_column_text][vc_separator type=\u00a0\u00bbtransparent\u00a0\u00bb up=\u00a0\u00bb6&Prime; down=\u00a0\u00bb0&Prime;][vc_column_text]<\/p>\n<ul>\n<li class=\"p1\">Carton<\/li>\n<li class=\"p1\">Plastique<\/li>\n<li class=\"p1\">M\u00e9tal et bois<\/li>\n<li class=\"p1\">Int\u00e9gration digital<\/li>\n<\/ul>\n<p>[\/vc_column_text][\/vc_column_inner][\/vc_row_inner][vc_separator type=\u00a0\u00bbtransparent\u00a0\u00bb up=\u00a0\u00bb39&Prime; down=\u00a0\u00bb0&Prime;][\/vc_column][vc_column width=\u00a0\u00bb1\/4&Prime;][vc_row_inner row_type=\u00a0\u00bbrow\u00a0\u00bb use_as_box=\u00a0\u00bbuse_row_as_box\u00a0\u00bb type=\u00a0\u00bbfull_width\u00a0\u00bb text_align=\u00a0\u00bbleft\u00a0\u00bb css_animation=\u00a0\u00bb\u00a0\u00bb padding=\u00a0\u00bb10&Prime;][vc_column_inner][vc_column_text]<\/p>\n<h5>Logistique<\/h5>\n<p>[\/vc_column_text][vc_separator type=\u00a0\u00bbtransparent\u00a0\u00bb up=\u00a0\u00bb6&Prime; down=\u00a0\u00bb0&Prime;][vc_column_text]<\/p>\n<ul>\n<li class=\"p1\">Exp\u00e9dition tous points<\/li>\n<li class=\"p1\">Mise sous kit sp\u00e9cifique<\/li>\n<li class=\"p1\">Installation et montage en point de vente<\/li>\n<\/ul>\n<p>[\/vc_column_text][\/vc_column_inner][\/vc_row_inner][\/vc_column][\/vc_row]<\/p>\n","protected":false},"excerpt":{"rendered":"<p>[vc_row css_animation=\u00a0\u00bb\u00a0\u00bb row_type=\u00a0\u00bbrow\u00a0\u00bb use_row_as_full_screen_section=\u00a0\u00bbno\u00a0\u00bb type=\u00a0\u00bbgrid\u00a0\u00bb angled_section=\u00a0\u00bbno\u00a0\u00bb text_align=\u00a0\u00bbleft\u00a0\u00bb background_image_as_pattern=\u00a0\u00bbwithout_pattern\u00a0\u00bb border_color=\u00a0\u00bb#eeeeee\u00a0\u00bb z_index=\u00a0\u00bb\u00a0\u00bb padding_top=\u00a0\u00bb80&Prime;][vc_column][vc_column_text] QUI SOMMES-NOUS ? [\/vc_column_text][vc_separator type=\u00a0\u00bbsmall\u00a0\u00bb position=\u00a0\u00bbcenter\u00a0\u00bb down=\u00a0\u00bb44&Prime; up=\u00a0\u00bb20&Prime;][vc_row_inner row_type=\u00a0\u00bbrow\u00a0\u00bb type=\u00a0\u00bbfull_width\u00a0\u00bb text_align=\u00a0\u00bbleft\u00a0\u00bb css_animation=\u00a0\u00bb\u00a0\u00bb][vc_column_inner width=\u00a0\u00bb1\/3&Prime;][vc_column_text]Nos \u00e9quipes s&rsquo;occupent de vos projets de A \u00e0 Z en prenant en charge la conception visuelle et 3D, la fabrication et&#8230;<\/p>\n","protected":false},"author":1,"featured_media":0,"parent":0,"menu_order":0,"comment_status":"open","ping_status":"open","template":"full_width.php","meta":{"footnotes":""},"class_list":["post-13396","page","type-page","status-publish","hentry"],"_links":{"self":[{"href":"https:\/\/preprod.buyby-market.com\/index.php\/wp-json\/wp\/v2\/pages\/13396","targetHints":{"allow":["GET"]}}],"collection":[{"href":"https:\/\/preprod.buyby-market.com\/index.php\/wp-json\/wp\/v2\/pages"}],"about":[{"href":"https:\/\/preprod.buyby-market.com\/index.php\/wp-json\/wp\/v2\/types\/page"}],"author":[{"embeddable":true,"href":"https:\/\/preprod.buyby-market.com\/index.php\/wp-json\/wp\/v2\/users\/1"}],"replies":[{"embeddable":true,"href":"https:\/\/preprod.buyby-market.com\/index.php\/wp-json\/wp\/v2\/comments?post=13396"}],"version-history":[{"count":25,"href":"https:\/\/preprod.buyby-market.com\/index.php\/wp-json\/wp\/v2\/pages\/13396\/revisions"}],"predecessor-version":[{"id":16481,"href":"https:\/\/preprod.buyby-market.com\/index.php\/wp-json\/wp\/v2\/pages\/13396\/revisions\/16481"}],"wp:attachment":[{"href":"https:\/\/preprod.buyby-market.com\/index.php\/wp-json\/wp\/v2\/media?parent=13396"}],"curies":[{"name":"wp","href":"https:\/\/api.w.org\/{rel}","templated":true}]}}